 highest common factor of s and j.
7
Let h be ((-1640)/(-15))/((-3)/(-9)). Let y = h - 64. What is the highest common factor of y and 33?
33
Let p be (-1016)/(-28) - 0 - 46/161. What is the highest common divisor of 300 and p?
12
Let a be ((-2)/4)/((-2)/484). Let s(h) = -h**2 - 2*h + 5. Let j be s(-5). Let p be (4 - 15/j)*2. What is the greatest common divisor of p and a?
11
Suppose 0 = 3*c - 39. Suppose 2*l = -4*i + 2*i - 6, 0 = i + 4*l. Let u be (((-312)/10)/i)/((-5)/(-25)). What is the greatest common divisor of u and c?
13
Let t = -531 + 1097. Let k = t + -341. Calculate the greatest common factor of 90 and k.
45
Suppose 990 = -m + 6*m. Suppose -9*h - 90 = -306. Suppose -h*b = -21*b - 66. What is the highest common factor of m and b?
22
Let m(h) = h**2 - 3*h. Let x be m(5). Suppose -3*w + 5 + x = 0. Let n be (20/(-12))/w*-24. What is the highest common divisor of n and 1?
1
Let z(i) = -i**2 + 22*i + 24. Let q be z(18). What is the greatest common divisor of 40 and q?
8
Let w = 242 + -188. What is the greatest common factor of w and 864?
54
Let j(y) = 16*y + 50. Let z be j(-2). Suppose 16 - 88 = -4*k. Calculate the greatest common factor of k and z.
18
Let f(g) = -g**2 - 119*g - 874. Let b be f(-8). What is the greatest common divisor of b and 1358?
14
Let t(z) = -13*z - z + 4*z + 6. Suppose -3 = 2*d + 3. Let c be t(d). What is the greatest common factor of 9 and c?
9
Let c = 1190 + -1070. What is the highest common factor of 210 and c?
30
Suppose -2*p + 202 = -6. Let v be 212/8 - (-8)/(-16). What is the greatest common divisor of v and p?
26
Suppose 11*c - 3*c - 1920 = 0. Calculate the greatest common divisor of c and 15.
15
Suppose 4*f = -2*n - 20 + 62, f - 53 = -3*n. Calculate the highest common divisor of 1003 and n.
17
Let g = -2 + 22. Suppose -3*l = l - g. Let q(c) = 3*c**3 - 5*c**2 - c + 7. Let s be q(l). Calculate the greatest common factor of s and 28.
28
Suppose 0 = 2*s - 6 - 4. Suppose 0 = 2*x + 2*u + 6 - 84, -4*x + s*u = -165. What is the highest common factor of x and 10?
10
Suppose -53*q + 44*q + 16524 = 0. Calculate the highest common factor of 68 and q.
68
Let j = 1936 + -1890. Suppose 0 = -p - 1 - 2, -518 = -o + 4*p. Calculate the greatest common divisor of j and o.
46
Let u = 2450 - 2410. Suppose 3*n + 24 = 3*g - 9, -4*n = 4*g - 12. Suppose -5*m + g = -18. What is the greatest common factor of u and m?
5
Suppose -5*l = -2*l - 135. Suppose 0 = 250*q - 248*q - 36. Calculate the greatest common divisor of q and l.
9
Suppose -7*z + 4*b = -3*z - 52, 4*b = 3*z - 39. Let n = 5 - 0. Suppose 2*k + 39 = n*k. Calculate the greatest common divisor of z and k.
13
Let g = -2884 + 3309. What is the highest common divisor of g and 595?
85
Suppose -f - 3698 = -4*r, 5*r - 3249 = 3*f + 1370. What is the highest common factor of 37 and r?
37
Suppose 0*f - 40 = -2*f + 4*h, 0 = -4*f - 4*h + 32. Let n = f - -87. What is the highest common divisor of n and 33?
33
Let r = 28 + -41. Let f = -11 - r. Let m be 5/f - (-2)/4. Calculate the greatest common divisor of m and 6.
3
Let c(i) = i**3 + 15*i**2 + 12*i - 8. Let r be c(-14). Let h(k) = 3*k + 11. Let z be h(13). Calculate the greatest common factor of z and r.
10
Suppose 2*w - 4*t - 13 = -21, 2*t = -5*w + 40. Suppose -w*u = -42 - 18. Let l be ((-25)/(-2))/(2/4). Calculate the highest common divisor of u and l.
5
Let m(l) = -5 + 3 - 5*l - 6*l - l. Let f be m(-6). What is the highest common factor of f and 14?
14
Let b(f) = -f**2 + 10*f - 1. Let a be b(8). Calculate the highest common factor of a and 1005.
15
Let c(i) = 2*i**3 + 19*i**2 + 9*i + 3. Let b be c(-9). What is the greatest common factor of b and 69?
3
Let n be 181/3 + (-4)/12. What is the greatest common divisor of 140 and n?
20
Suppose -5*g - 122 = -177. What is the highest common factor of 5 and g?
1
Let l(n) = 2*n**2 + 21*n + 17. Let h be l(-11). What is the greatest common divisor of 8 and h?
4
Suppose 5*u = c + 350, -8*c = 2*u - 3*c - 113. Calculate the greatest common divisor of u and 437.
23
Let t = -12 - -39. Let h(l) = -5*l - 57. Let s be h(-15). What is the greatest common factor of s and t?
9
Suppose 1763 - 22283 = -40*p. Calculate the greatest common factor of 57 and p.
57
Let u(q) be the third derivative of -q**5/60 - q**4/4 - q**3/6 + 5*q**2. Let d be u(-3). Let k = 8 + 12. Calculate the greatest common factor of k and d.
4
Suppose -2*s + 5*g + 109 = 21, 4*g = 2*s - 86. What is the greatest common factor of 1716 and s?
39
Suppose 0 = -6*a + 2*a + 32. Suppose -400 = -a*j + 3*j. Calculate the greatest common divisor of j and 16.
16
Let n(a) = -2*a + 2. Let l be n(-3). Suppose -l = 4*g, 3*t + g = -4*g + 314. What is the highest common divisor of t and 12?
12
Suppose -15 = 584*k - 589*k. Let t = -39 + 63. What is the highest common factor of k and t?
3
Let t be (21/14)/(1/16). Calculate the greatest common factor of 192 and t.
24
Suppose 0 = 2*m - 5*m - 2*d + 41, 3*d + 43 = 5*m. Let f(x) = -x**2 + 17*x - 35. Let n be f(m). Calculate the highest common divisor of n and 93.
31
Let o = 838 - 802. What is the greatest common factor of o and 128?
4
Let s = 263 - 258. Suppose 33 = 5*d + 13. Suppose -d*l + 2*b = b - 581, -4*l + 575 = s*b. Calculate the greatest common divisor of 58 and l.
29
Suppose 4*o - 21 = -3*t, o - 4 = 4*t + 6. Let n be 0/o + 45 + -2 + -1. Calculate the highest common factor of 126 and n.
42
Let h be (1/(8/(-992)))/(1/(-8)). Calculate the greatest common factor of 31 and h.
31
Suppose -116 = -4*p - 4*g, 0 = 3*p - 5*g - 143 + 16. Suppose 5*d = 2*i + 3*d - p, -9 = -3*d. Calculate the highest common factor of i and 50.
10
Let t(n) = n - 16. Let v be t(19). What is the greatest common divisor of 4 and v?
1
Let g = -1518 - -2249. What is the highest common divisor of g and 43?
43
Let w be 0/(-1 - (3 + -1)). Suppose w*y = 5*y - 105. Calculate the greatest common factor of y and 3.
3
Let i = -5 + 66. Suppose i + 182 = 9*y. Calculate the highest common factor of 216 and y.
27
Suppose -70 = -3*k + 74. Let r = 68 - k. Calculate the highest common divisor of 20 and r.
20
Suppose 5*x = 6*x - 66. Let u be 1872/15 + (-7)/(-35). Let l = -81 + u. Calculate the highest common factor of x and l.
22
Suppose 5*v = 5*s - 380, s = 6*s - 4*v - 384. Calculate the highest common divisor of s and 2.
2
Suppose -2*s - 20 = -6*s. Suppose -106 + 431 = s*i. Let a(c) = c**3 - 4*c**2 - 7*c - 4. Let n be a(6). Calculate the highest common factor of n and i.
13
Let u(i) = 48*i**3 - i**2 + 1. Let t be u(1). Suppose 4*p + a - 123 = 0, -7*p + a = -5*p - 69. What is the greatest common factor of p and t?
16
Suppose -7*t = -269 + 17. Calculate the highest common factor of t and 96.
12
Suppose 112*b = 109*b + 33. Suppose 0 = b*k - 71 - 325. What is the greatest common factor of 288 and k?
36
Let f = 63 - 41. Suppose n - f = u, 4*n - 3*u = -u + 96. What is the greatest common divisor of n and 26?
26
Let w = -71 - -37. Let m be w/(-10) - 15/(-25). Let a(j) = 2*j**2 - 6*j + 2. Let l be a(m). What is the highest common divisor of 25 and l?
5
Let v(i) = -i**2 - 4*i + 20. Let p be v(-7). Let d = p - -11. Let m = 1 - -9. Calculate the greatest common factor of m and d.
10
Let p(t) = -2*t**2 + 7*t - 9. Let x be p(3). Let o(u) = -u**3 - 5*u**2 + 7*u + 21. Let s be o(x). What is the highest common factor of s and 15?
15
Let n = -444 + 739. What is the highest common divisor of 5 and n?
5
Suppose 36 = 4*j - 28. Suppose -6*r + 892 = 5*o - 2*r, 3*o = 2*r + 522. Calculate the highest common factor of o and j.
16
Let i = -227 - -315. Calculate the highest common divisor of i and 44.
44
Suppose -7*d - 203 + 819 = 0. Suppose -3*c = -3*v - 30, 0*v + v = -c + 8. Suppose 2*f - c = 13. Calculate the highest common factor of d and f.
11
Suppose 4534*v = 4538*v - 144. What is the greatest common divisor of v and 276?
12
Let c = -58 - -62. Suppose -5*s = c*k - 152, -2*s + 3*k = 28 - 98. Calculate the greatest common factor of s and 8.
8
Suppose -2*g - r + 11 = 0, g + r - 5 = -0*g. Suppose 238 - 850 = -g*k. Calculate the highest common divisor of k and 34.
34
Let s(g) = g**2 + 4*g - 3. Let w be s(1). Let m be (3/w)/(3/160). Calculate the highest common factor of m and 20.
20
Let y = 1871 + -1860. What is the highest common factor of y and 1815?
11
Let o = 114 - 99. Let f(r)